{"id":102,"date":"2013-10-16T16:17:27","date_gmt":"2013-10-16T14:17:27","guid":{"rendered":"http:\/\/127.0.0.1:4001\/wordpress\/?page_id=102"},"modified":"2014-01-24T12:24:45","modified_gmt":"2014-01-24T14:24:45","slug":"interview","status":"publish","type":"page","link":"http:\/\/annemariecamus.erleko.eu\/wordpress\/?page_id=102","title":{"rendered":"Interview"},"content":{"rendered":"<p>Vid\u00e9o apr\u00e8s repr\u00e9sentation de \u00a0\u00bb Monsieur TO\u00d1O\u00a0\u00bb &#8211; Mairie de\u00a0 Sainte-Foy-La-Grande 33220 F\u00e9vrier 2012.<\/p>\n<p><a href=\"http:\/\/www.youtube.com\/watch?feature=player_embedded&amp;v=3618lcQxSME\">Canal Pourpre : Anne-Marie CAMUS \u00e0 Sainte-Foy-La-Grande<\/a><\/p>\n<pre><iframe loading=\"lazy\" width=\"460\" height=\"259\" src=\"http:\/\/www.youtube.com\/embed\/3618lcQxSME?feature=oembed\" frameborder=\"0\" allowfullscreen><\/iframe><\/pre>\n","protected":false},"excerpt":{"rendered":"<p>Vid\u00e9o apr\u00e8s repr\u00e9sentation de \u00a0\u00bb Monsieur TO\u00d1O\u00a0\u00bb &#8211; Mairie de\u00a0 Sainte-Foy-La-Grande 33220 F\u00e9vrier 2012. Canal Pourpre : Anne-Marie CAMUS \u00e0 Sainte-Foy-La-Grande<\/p>\n","protected":false},"author":1,"featured_media":0,"parent":0,"menu_order":0,"comment_status":"closed","ping_status":"closed","template":"","meta":{"footnotes":""},"_links":{"self":[{"href":"http:\/\/annemariecamus.erleko.eu\/wordpress\/index.php?rest_route=\/wp\/v2\/pages\/102"}],"collection":[{"href":"http:\/\/annemariecamus.erleko.eu\/wordpress\/index.php?rest_route=\/wp\/v2\/pages"}],"about":[{"href":"http:\/\/annemariecamus.erleko.eu\/wordpress\/index.php?rest_route=\/wp\/v2\/types\/page"}],"author":[{"embeddable":true,"href":"http:\/\/annemariecamus.erleko.eu\/wordpress\/index.php?rest_route=\/wp\/v2\/users\/1"}],"replies":[{"embeddable":true,"href":"http:\/\/annemariecamus.erleko.eu\/wordpress\/index.php?rest_route=%2Fwp%2Fv2%2Fcomments&post=102"}],"version-history":[{"count":1,"href":"http:\/\/annemariecamus.erleko.eu\/wordpress\/index.php?rest_route=\/wp\/v2\/pages\/102\/revisions"}],"predecessor-version":[{"id":583,"href":"http:\/\/annemariecamus.erleko.eu\/wordpress\/index.php?rest_route=\/wp\/v2\/pages\/102\/revisions\/583"}],"wp:attachment":[{"href":"http:\/\/annemariecamus.erleko.eu\/wordpress\/index.php?rest_route=%2Fwp%2Fv2%2Fmedia&parent=102"}],"curies":[{"name":"wp","href":"https:\/\/api.w.org\/{rel}","templated":true}]}}