{"id":150,"date":"2013-10-16T16:17:41","date_gmt":"2013-10-16T14:17:41","guid":{"rendered":"http:\/\/127.0.0.1:4001\/wordpress\/?page_id=105"},"modified":"2021-04-12T12:16:29","modified_gmt":"2021-04-12T14:16:29","slug":"parcours-et-plaquette","status":"publish","type":"page","link":"http:\/\/annemariecamus.erleko.eu\/wordpress\/?page_id=150","title":{"rendered":"Parcours et plaquette"},"content":{"rendered":"<p style=\"text-align: justify;\"><span style=\"color: #0070e0;\">A ce jour, \u00ab\u00a0Monsieur TO\u00d1O\u00a0\u00bb s&rsquo;est jou\u00e9 plus<\/span><span style=\"color: #0070e0;\"> de 70 fois,<\/span><span style=\"color: #0070e0;\"><strong> dans des maisons<\/strong> du Languedoc-Roussillon, des maisons d&rsquo;Aquitaine et de Midi-Pyr\u00e9n\u00e9es, des<strong> vergers, <\/strong>des<strong> granges,<\/strong> des<strong> pr\u00e9s,<\/strong> des<strong> hangars,&#8230; <\/strong>et aussi<strong> des th\u00e9\u00e2tres <\/strong>et<strong> autres lieux culturels.<\/strong> Parmi ces derniers, l&rsquo;ont invit\u00e9 par exemple<\/span><span style=\"color: #0070e0;\">,<\/span><\/p>\n<ul style=\"list-style-type: circle; text-align: justify;\">\n<li>les <strong>Th\u00e9\u00e2tres de Poche<\/strong>, du <strong>Grand-Rond<\/strong> et <strong>le Chapeau Rouge<\/strong> -Toulouse (31)- <em>pour le festival \u00ab\u00a0Coup de Chapeau 2014\u00a0\u00bb <\/em><\/li>\n<li>le<strong> Frigo<\/strong> d&rsquo;Actal \u00e0 Albi et le Th\u00e9\u00e2tre de la Luciole- (81)<\/li>\n<li>\u00ab\u00a0<strong>Autan de sc\u00e8nes<\/strong>\u00a0\u00bb et \u00ab\u00a0<strong>Le Pin des Arts<\/strong>\u00ab\u00a0, associations culturelles du Tarn,<\/li>\n<li>le<strong> Th\u00e9\u00e2tre du Chien Blanc, le Th\u00e9\u00e2tre de Poche<\/strong>&#8211; Toulouse (31),<\/li>\n<li>Les <strong>M.J.C.<\/strong>\u00a0 de Montastruc- la-Conseill\u00e8re (31), et Gaillac (81)<\/li>\n<li>la<strong> Pe\u00f1a andalouse \u00ab\u00a0Guazamara\u00a0\u00bb<\/strong>&#8211; Tarbes (65), <em>pour son<\/em> <em>22\u00e8me festival ib\u00e9ro- andalou<\/em> au Caf\u00e9 des images du Parvis,<\/li>\n<li><strong>l&rsquo;Amicale des Anciens Intern\u00e9s Politiques et R\u00e9sistants<\/strong> du camp de concentration du Vernet d&rsquo;Ari\u00e8ge (09),<em> pour sa \u00ab\u00a0Nuit des Mus\u00e9es\u00a0\u00bb et la \u00ab\u00a0Journ\u00e9e du patrimoine\u00a0\u00bb ,<\/em><\/li>\n<li><strong>les Mairies<\/strong> de Sainte- Foy -la- Grande (33) <em>pour son festival \u00ab\u00a08 mars, 8 femmes\u00a0\u00bb<\/em> , et de Barbotan &#8211; les &#8211; Thermes (32),<\/li>\n<li>l&rsquo;<strong>A<\/strong>ssociation pour l&rsquo;autobiographie et le <strong>P<\/strong>atrimoine<strong> A<\/strong>uto-biographique\u00a0<strong> [A.P. A]<\/strong>,<\/li>\n<li><strong>l&rsquo;Association<\/strong> Val du Faby \u00e0 Rouvenac (11)<\/li>\n<li>&#8230;etc<\/li>\n<\/ul>\n","protected":false},"excerpt":{"rendered":"<p>A ce jour, \u00ab\u00a0Monsieur TO\u00d1O\u00a0\u00bb s&rsquo;est jou\u00e9 plus de 70 fois, dans des maisons du Languedoc-Roussillon, des maisons d&rsquo;Aquitaine et de Midi-Pyr\u00e9n\u00e9es, des vergers, des granges, des pr\u00e9s, des hangars,&#8230; et aussi des th\u00e9\u00e2tres et autres lieux culturels. Parmi ces derniers, l&rsquo;ont invit\u00e9 par exemple, les Th\u00e9\u00e2tres de Poche, du Grand-Rond et le Chapeau Rouge &hellip; <a href=\"http:\/\/annemariecamus.erleko.eu\/wordpress\/?page_id=150\" class=\"more-link\">Continuer la lecture de <span class=\"screen-reader-text\">Parcours et plaquette<\/span> <span class=\"meta-nav\">&rarr;<\/span><\/a><\/p>\n","protected":false},"author":1,"featured_media":0,"parent":0,"menu_order":0,"comment_status":"closed","ping_status":"closed","template":"","meta":{"footnotes":""},"_links":{"self":[{"href":"http:\/\/annemariecamus.erleko.eu\/wordpress\/index.php?rest_route=\/wp\/v2\/pages\/150"}],"collection":[{"href":"http:\/\/annemariecamus.erleko.eu\/wordpress\/index.php?rest_route=\/wp\/v2\/pages"}],"about":[{"href":"http:\/\/annemariecamus.erleko.eu\/wordpress\/index.php?rest_route=\/wp\/v2\/types\/page"}],"author":[{"embeddable":true,"href":"http:\/\/annemariecamus.erleko.eu\/wordpress\/index.php?rest_route=\/wp\/v2\/users\/1"}],"replies":[{"embeddable":true,"href":"http:\/\/annemariecamus.erleko.eu\/wordpress\/index.php?rest_route=%2Fwp%2Fv2%2Fcomments&post=150"}],"version-history":[{"count":17,"href":"http:\/\/annemariecamus.erleko.eu\/wordpress\/index.php?rest_route=\/wp\/v2\/pages\/150\/revisions"}],"predecessor-version":[{"id":1094,"href":"http:\/\/annemariecamus.erleko.eu\/wordpress\/index.php?rest_route=\/wp\/v2\/pages\/150\/revisions\/1094"}],"wp:attachment":[{"href":"http:\/\/annemariecamus.erleko.eu\/wordpress\/index.php?rest_route=%2Fwp%2Fv2%2Fmedia&parent=150"}],"curies":[{"name":"wp","href":"https:\/\/api.w.org\/{rel}","templated":true}]}}