{"id":332,"date":"2013-11-15T12:48:13","date_gmt":"2013-11-15T10:48:13","guid":{"rendered":"http:\/\/127.0.0.1:4001\/wordpress\/?page_id=332"},"modified":"2017-10-14T11:08:30","modified_gmt":"2017-10-14T13:08:30","slug":"theatre-forum","status":"publish","type":"page","link":"http:\/\/annemariecamus.erleko.eu\/wordpress\/?page_id=332","title":{"rendered":"Th\u00e9\u00e2tre &#8211; Forum"},"content":{"rendered":"<h4><span style=\"color: #3366ff;\">D\u00e9finition d&rsquo;un th\u00e9\u00e2tre-forum<\/span><\/h4>\n<p style=\"text-align: justify;\">Le plus souvent, on peut dire qu&rsquo; un th\u00e9\u00e2tre-forum rassemble un groupe de personnes, les \u00ab\u00a0ACTEURS\u00a0\u00bb,\u00a0 qui souhaitent pr\u00e9senter des situations concr\u00e8tes, en un lieu et temps donn\u00e9s, situations qu&rsquo;ils ont v\u00e9cues et jugent inacceptables, et sur lesquelles ils souhaitent d\u00e9battre avec d&rsquo;autre personnes, constitu\u00e9es momentan\u00e9ment en \u00ab\u00a0PUBLIC\u00a0\u00bb.<\/p>\n<p style=\"text-align: justify;\">Momentan\u00e9ment, oui, car la pi\u00e8ce est jou\u00e9e, puis rejou\u00e9e, et cette deuxi\u00e8me fois, chaque spectateur peut\u00a0 interrompre la pi\u00e8ce et remplacer le personnage qui lui semble \u00eatre en difficult\u00e9 ou dans une impasse. Il devient alors acteur \u00e0 son tour, joue sa proposition, les autres personnages y r\u00e9agissant. Un animateur de s\u00e9ance, d\u00e9nomm\u00e9 \u00ab\u00a0le joker\u00a0\u00bb, r\u00e8gle le d\u00e9bat et les rapports entre personnages et spectateurs.<\/p>\n<p style=\"text-align: justify;\"><strong><span style=\"color: #3366ff;\">Le th\u00e9\u00e2tre-forum<\/span><\/strong><span style=\"color: #3366ff;\"> est le temps privil\u00e9gi\u00e9 d&rsquo;une <strong>r\u00e9flexion<\/strong><\/span><strong><span style=\"color: #3366ff;\"> commune<\/span> <\/strong>souvent autour de la notion de<span style=\"color: #3366ff;\"> Droits,<\/span> de <span style=\"color: #3366ff;\">Justice<\/span>, et de<strong><span style=\"color: #3366ff;\"> strat\u00e9gies d&rsquo;actions pour demain<\/span><\/strong>. Il est utilis\u00e9 aussi dans le cadre de la pr\u00e9vention primaire et de l&rsquo;information qui l&rsquo;accompagne.\u00a0\u00a0\u00a0\u00a0\u00a0\u00a0\u00a0\u00a0\u00a0\u00a0\u00a0\u00a0\u00a0\u00a0\u00a0\u00a0\u00a0\u00a0\u00a0\u00a0\u00a0\u00a0 Le th\u00e9\u00e2tre-forum est \u00e0 son origine une des techniques cr\u00e9es par Augusto Boal, fondateur du Th\u00e9\u00e2tre de l&rsquo;Opprim\u00e9.<\/p>\n<p style=\"text-align: justify;\"><strong><span style=\"color: #3366ff;\">Les commanditaires<\/span><\/strong> de ces actions sont <strong><span style=\"color: #3366ff;\">vari\u00e9s<\/span><\/strong>\u00a0(associations, collectivit\u00e9s territoriales, \u00e9tablissements, institutions ou organismes li\u00e9s \u00e0 l&rsquo;\u00e9ducation, \u00e0 l&rsquo;insertion, \u00e0 la sant\u00e9, \u00e0 la formation,\u00a0 etc).<\/p>\n<h4><span style=\"color: #3366ff;\">Exp\u00e9riences<\/span><\/h4>\n<p style=\"text-align: justify;\">Depuis 2005, metteuse en sc\u00e8ne de nombreux spectacles cr\u00e9\u00e9s par diff\u00e9rents groupes, puis jou\u00e9s en th\u00e9\u00e2tre-forum (demandeurs d&#8217;emploi, de logements, personnes isol\u00e9es,\u00a0 femmes,\u00a0 \u00ab\u00a0minima sociaux\u00a0\u00bb etc).<\/p>\n<p style=\"text-align: justify;\"><span style=\"color: #3366ff;\"><strong>Son exp\u00e9rience s&rsquo;est faite pendant 15 ans<\/strong>, aupr\u00e8s de <strong>T<\/strong>h\u00e9\u00e2tre<strong> S<\/strong>ans <strong>F<\/strong>ronti\u00e8re, <strong>compagnie<\/strong> professionnelle<strong> dirig\u00e9e par Marie-Jos\u00e9 Ereseo<\/strong><\/span> (350 repr\u00e9sentations en tant que com\u00e9dienne avec cette m\u00eame compagnie).<\/p>\n<p style=\"text-align: justify;\">Ces actions se d\u00e9roulent le plus souvent sous la forme de stages, uniques ou r\u00e9guliers selon les objectifs du projet. Par\u00a0 exemple,<span style=\"color: #3366ff;\"> partenariat<strong> depuis 14 ans avec le Conseil D\u00e9partemental <\/strong>du G<strong>ers<\/strong> et ses travailleurs sociaux<strong> (2003-2017).<\/strong><\/span><\/p>\n","protected":false},"excerpt":{"rendered":"<p>D\u00e9finition d&rsquo;un th\u00e9\u00e2tre-forum Le plus souvent, on peut dire qu&rsquo; un th\u00e9\u00e2tre-forum rassemble un groupe de personnes, les \u00ab\u00a0ACTEURS\u00a0\u00bb,\u00a0 qui souhaitent pr\u00e9senter des situations concr\u00e8tes, en un lieu et temps donn\u00e9s, situations qu&rsquo;ils ont v\u00e9cues et jugent inacceptables, et sur lesquelles ils souhaitent d\u00e9battre avec d&rsquo;autre personnes, constitu\u00e9es momentan\u00e9ment en \u00ab\u00a0PUBLIC\u00a0\u00bb. Momentan\u00e9ment, oui, car la &hellip; <a href=\"http:\/\/annemariecamus.erleko.eu\/wordpress\/?page_id=332\" class=\"more-link\">Continuer la lecture de <span class=\"screen-reader-text\">Th\u00e9\u00e2tre &#8211; Forum<\/span> <span class=\"meta-nav\">&rarr;<\/span><\/a><\/p>\n","protected":false},"author":1,"featured_media":0,"parent":0,"menu_order":0,"comment_status":"closed","ping_status":"closed","template":"","meta":{"footnotes":""},"_links":{"self":[{"href":"http:\/\/annemariecamus.erleko.eu\/wordpress\/index.php?rest_route=\/wp\/v2\/pages\/332"}],"collection":[{"href":"http:\/\/annemariecamus.erleko.eu\/wordpress\/index.php?rest_route=\/wp\/v2\/pages"}],"about":[{"href":"http:\/\/annemariecamus.erleko.eu\/wordpress\/index.php?rest_route=\/wp\/v2\/types\/page"}],"author":[{"embeddable":true,"href":"http:\/\/annemariecamus.erleko.eu\/wordpress\/index.php?rest_route=\/wp\/v2\/users\/1"}],"replies":[{"embeddable":true,"href":"http:\/\/annemariecamus.erleko.eu\/wordpress\/index.php?rest_route=%2Fwp%2Fv2%2Fcomments&post=332"}],"version-history":[{"count":13,"href":"http:\/\/annemariecamus.erleko.eu\/wordpress\/index.php?rest_route=\/wp\/v2\/pages\/332\/revisions"}],"predecessor-version":[{"id":923,"href":"http:\/\/annemariecamus.erleko.eu\/wordpress\/index.php?rest_route=\/wp\/v2\/pages\/332\/revisions\/923"}],"wp:attachment":[{"href":"http:\/\/annemariecamus.erleko.eu\/wordpress\/index.php?rest_route=%2Fwp%2Fv2%2Fmedia&parent=332"}],"curies":[{"name":"wp","href":"https:\/\/api.w.org\/{rel}","templated":true}]}}